{"id":86,"date":"2020-09-11T10:51:29","date_gmt":"2020-09-11T08:51:29","guid":{"rendered":"https:\/\/www.saintalbanauriolles.com\/?page_id=86"},"modified":"2020-11-02T14:51:14","modified_gmt":"2020-11-02T13:51:14","slug":"eptb","status":"publish","type":"page","link":"https:\/\/www.saintalbanauriolles.com\/index.php\/eptb\/","title":{"rendered":"EPTB"},"content":{"rendered":"\n<p><br>EPTB du bassin versant de l&rsquo;ard\u00e8che<br>All\u00e9e du Ch\u00e2teau, 07200 Vog\u00fc\u00e9<br> T\u00e9l: 04 75 37 82 20<\/p>\n\n\n\n<p>Depuis le 1er janvier 2018, les trois syndicats de rivi\u00e8re historiques du bassin versant de l&rsquo;Ard\u00e8che ont fusionn\u00e9. Le Syndicat Mixte Ard\u00e8che Claire, le Syndicat de Rivi\u00e8re Beaume-Drobie et le Syndicat de Rivi\u00e8re Chassezac, sont maintenant regroup\u00e9s au sein de l\u2019Etablissement Public Territorial du Bassin Versant de l\u2019Ard\u00e8che.<\/p>\n\n\n\n<p>Cette nouvelle structure continue d&rsquo;assurer les m\u00eames missions de gestion des rivi\u00e8res : entretien des berges et de la ripisylve, suivi de la qualit\u00e9 des eaux, travaux de restauration \u00e9cologique, pr\u00e9vention des inondations, sensibilisation \u00e0 la protection de la ressource en eau, biodiversit\u00e9 li\u00e9e \u00e0 l\u2019eau&#8230;<\/p>\n\n\n\n<p>Pour toutes informations, veuillez consulter leur site internet:<\/p>\n\n\n\n<p><a href=\"https:\/\/www.ardeche-eau.fr\/eptb-ardeche.html\">https:\/\/www.ardeche-eau.fr\/eptb-ardeche.html<\/a><\/p>\n","protected":false},"excerpt":{"rendered":"<p>EPTB du bassin versant de l&rsquo;ard\u00e8cheAll\u00e9e du Ch\u00e2teau, 07200 Vog\u00fc\u00e9 T\u00e9l: 04 75 37 82 20 Depuis le 1er janvier 2018, les trois syndicats de rivi\u00e8re historiques du bassin versant de l&rsquo;Ard\u00e8che ont fusionn\u00e9. Le Syndicat Mixte Ard\u00e8che Claire, le Syndicat de Rivi\u00e8re Beaume-Drobie et le Syndicat de Rivi\u00e8re Chassezac,&#8230;<\/p>\n<p> <a class=\"continue-reading-link\" href=\"https:\/\/www.saintalbanauriolles.com\/index.php\/eptb\/\"><span>Plus<\/span><i class=\"crycon-right-dir\"><\/i><\/a> <\/p>\n","protected":false},"author":1,"featured_media":0,"parent":0,"menu_order":0,"comment_status":"closed","ping_status":"closed","template":"","meta":{"footnotes":""},"class_list":["post-86","page","type-page","status-publish","hentry"],"_links":{"self":[{"href":"https:\/\/www.saintalbanauriolles.com\/index.php\/wp-json\/wp\/v2\/pages\/86","targetHints":{"allow":["GET"]}}],"collection":[{"href":"https:\/\/www.saintalbanauriolles.com\/index.php\/wp-json\/wp\/v2\/pages"}],"about":[{"href":"https:\/\/www.saintalbanauriolles.com\/index.php\/wp-json\/wp\/v2\/types\/page"}],"author":[{"embeddable":true,"href":"https:\/\/www.saintalbanauriolles.com\/index.php\/wp-json\/wp\/v2\/users\/1"}],"replies":[{"embeddable":true,"href":"https:\/\/www.saintalbanauriolles.com\/index.php\/wp-json\/wp\/v2\/comments?post=86"}],"version-history":[{"count":4,"href":"https:\/\/www.saintalbanauriolles.com\/index.php\/wp-json\/wp\/v2\/pages\/86\/revisions"}],"predecessor-version":[{"id":614,"href":"https:\/\/www.saintalbanauriolles.com\/index.php\/wp-json\/wp\/v2\/pages\/86\/revisions\/614"}],"wp:attachment":[{"href":"https:\/\/www.saintalbanauriolles.com\/index.php\/wp-json\/wp\/v2\/media?parent=86"}],"curies":[{"name":"wp","href":"https:\/\/api.w.org\/{rel}","templated":true}]}}