{"id":607,"date":"2020-11-02T13:50:25","date_gmt":"2020-11-02T12:50:25","guid":{"rendered":"https:\/\/www.saintalbanauriolles.com\/?page_id=607"},"modified":"2024-04-18T13:27:05","modified_gmt":"2024-04-18T11:27:05","slug":"informations-diverses-environnement","status":"publish","type":"page","link":"https:\/\/www.saintalbanauriolles.com\/index.php\/informations-diverses-environnement\/","title":{"rendered":"Informations Environnement"},"content":{"rendered":"\n<p><a href=\"https:\/\/www.saintalbanauriolles.com\/index.php\/2024\/04\/18\/valorisation-des-dechets-plaquettes-dinfo-a-lattention-des-particuliers-et-des-agriculteurs\/\" target=\"_blank\" rel=\"noreferrer noopener\">Plaquettes d&rsquo;information contre le br\u00fblage et pour la valorisation des d\u00e9chets<\/a><\/p>\n\n\n\n<p><strong>Information AMIANTE<\/strong><\/p>\n\n\n\n<figure class=\"wp-block-image size-large is-resized\"><img loading=\"lazy\" decoding=\"async\" src=\"https:\/\/www.saintalbanauriolles.com\/wp-content\/uploads\/2020\/09\/Amiante-1.jpg\" alt=\"\" class=\"wp-image-305\" width=\"759\" height=\"535\" srcset=\"https:\/\/www.saintalbanauriolles.com\/wp-content\/uploads\/2020\/09\/Amiante-1.jpg 839w, https:\/\/www.saintalbanauriolles.com\/wp-content\/uploads\/2020\/09\/Amiante-1-300x212.jpg 300w, https:\/\/www.saintalbanauriolles.com\/wp-content\/uploads\/2020\/09\/Amiante-1-150x106.jpg 150w\" sizes=\"auto, (max-width: 759px) 100vw, 759px\" \/><\/figure>\n\n\n\n<figure class=\"wp-block-image size-large is-resized\"><img loading=\"lazy\" decoding=\"async\" src=\"https:\/\/www.saintalbanauriolles.com\/wp-content\/uploads\/2020\/09\/Amiante2.jpg\" alt=\"\" class=\"wp-image-306\" width=\"761\" height=\"519\" srcset=\"https:\/\/www.saintalbanauriolles.com\/wp-content\/uploads\/2020\/09\/Amiante2.jpg 896w, https:\/\/www.saintalbanauriolles.com\/wp-content\/uploads\/2020\/09\/Amiante2-300x205.jpg 300w, https:\/\/www.saintalbanauriolles.com\/wp-content\/uploads\/2020\/09\/Amiante2-768x524.jpg 768w, https:\/\/www.saintalbanauriolles.com\/wp-content\/uploads\/2020\/09\/Amiante2-150x102.jpg 150w\" sizes=\"auto, (max-width: 761px) 100vw, 761px\" \/><\/figure>\n\n\n\n<p><strong>D\u00e9claration de ruches<\/strong><\/p>\n\n\n\n<figure class=\"wp-block-image size-large is-resized\"><img loading=\"lazy\" decoding=\"async\" src=\"https:\/\/www.saintalbanauriolles.com\/wp-content\/uploads\/2020\/09\/Ruche.jpg\" alt=\"\" class=\"wp-image-319\" width=\"532\" height=\"708\" srcset=\"https:\/\/www.saintalbanauriolles.com\/wp-content\/uploads\/2020\/09\/Ruche.jpg 436w, https:\/\/www.saintalbanauriolles.com\/wp-content\/uploads\/2020\/09\/Ruche-226x300.jpg 226w, https:\/\/www.saintalbanauriolles.com\/wp-content\/uploads\/2020\/09\/Ruche-113x150.jpg 113w\" sizes=\"auto, (max-width: 532px) 100vw, 532px\" \/><\/figure>\n","protected":false},"excerpt":{"rendered":"<p>Plaquettes d&rsquo;information contre le br\u00fblage et pour la valorisation des d\u00e9chets Information AMIANTE D\u00e9claration de ruches<\/p>\n<p> <a class=\"continue-reading-link\" href=\"https:\/\/www.saintalbanauriolles.com\/index.php\/informations-diverses-environnement\/\"><span>Plus<\/span><i class=\"crycon-right-dir\"><\/i><\/a> <\/p>\n","protected":false},"author":1,"featured_media":0,"parent":0,"menu_order":0,"comment_status":"closed","ping_status":"closed","template":"","meta":{"footnotes":""},"class_list":["post-607","page","type-page","status-publish","hentry"],"_links":{"self":[{"href":"https:\/\/www.saintalbanauriolles.com\/index.php\/wp-json\/wp\/v2\/pages\/607","targetHints":{"allow":["GET"]}}],"collection":[{"href":"https:\/\/www.saintalbanauriolles.com\/index.php\/wp-json\/wp\/v2\/pages"}],"about":[{"href":"https:\/\/www.saintalbanauriolles.com\/index.php\/wp-json\/wp\/v2\/types\/page"}],"author":[{"embeddable":true,"href":"https:\/\/www.saintalbanauriolles.com\/index.php\/wp-json\/wp\/v2\/users\/1"}],"replies":[{"embeddable":true,"href":"https:\/\/www.saintalbanauriolles.com\/index.php\/wp-json\/wp\/v2\/comments?post=607"}],"version-history":[{"count":5,"href":"https:\/\/www.saintalbanauriolles.com\/index.php\/wp-json\/wp\/v2\/pages\/607\/revisions"}],"predecessor-version":[{"id":3888,"href":"https:\/\/www.saintalbanauriolles.com\/index.php\/wp-json\/wp\/v2\/pages\/607\/revisions\/3888"}],"wp:attachment":[{"href":"https:\/\/www.saintalbanauriolles.com\/index.php\/wp-json\/wp\/v2\/media?parent=607"}],"curies":[{"name":"wp","href":"https:\/\/api.w.org\/{rel}","templated":true}]}}