{"id":493,"date":"2020-10-12T14:52:39","date_gmt":"2020-10-12T12:52:39","guid":{"rendered":"https:\/\/www.saintalbanauriolles.com\/?page_id=493"},"modified":"2020-10-12T14:52:39","modified_gmt":"2020-10-12T12:52:39","slug":"passeport","status":"publish","type":"page","link":"https:\/\/www.saintalbanauriolles.com\/index.php\/passeport\/","title":{"rendered":"Passeport"},"content":{"rendered":"\n<p>Pour faire un passeport biom\u00e9trique, il faut le demander dans une mairie \u00e9quip\u00e9e avec les justificatifs n\u00e9cessaires. Les documents d\u00e9pendent de la situation : majeur ou mineur, premi\u00e8re demande ou renouvellement&#8230;. Dans tous les cas, il faut fournir une photo, un justificatif de domicile et un timbre fiscal. En France, il co\u00fbte 86\u00a0\u20ac pour un majeur. Vous pouvez pr\u00e9-remplir le dossier sur le site ants.gouv.fr. Le d\u00e9lai pour faire le passeport d\u00e9pend de la p\u00e9riode et du lieu.<\/p>\n\n\n\n<p><a href=\"https:\/\/www.service-public.fr\/particuliers\/vosdroits\/N360\" target=\"_blank\" rel=\"noreferrer noopener\">Rendez-vous sur le site du Service Public pour toutes les informations et d\u00e9marches.<\/a><\/p>\n","protected":false},"excerpt":{"rendered":"<p>Pour faire un passeport biom\u00e9trique, il faut le demander dans une mairie \u00e9quip\u00e9e avec les justificatifs n\u00e9cessaires. Les documents d\u00e9pendent de la situation : majeur ou mineur, premi\u00e8re demande ou renouvellement&#8230;. Dans tous les cas, il faut fournir une photo, un justificatif de domicile et un timbre fiscal. En France,&#8230;<\/p>\n<p> <a class=\"continue-reading-link\" href=\"https:\/\/www.saintalbanauriolles.com\/index.php\/passeport\/\"><span>Plus<\/span><i class=\"crycon-right-dir\"><\/i><\/a> <\/p>\n","protected":false},"author":1,"featured_media":0,"parent":0,"menu_order":0,"comment_status":"closed","ping_status":"closed","template":"","meta":{"footnotes":""},"class_list":["post-493","page","type-page","status-publish","hentry"],"_links":{"self":[{"href":"https:\/\/www.saintalbanauriolles.com\/index.php\/wp-json\/wp\/v2\/pages\/493","targetHints":{"allow":["GET"]}}],"collection":[{"href":"https:\/\/www.saintalbanauriolles.com\/index.php\/wp-json\/wp\/v2\/pages"}],"about":[{"href":"https:\/\/www.saintalbanauriolles.com\/index.php\/wp-json\/wp\/v2\/types\/page"}],"author":[{"embeddable":true,"href":"https:\/\/www.saintalbanauriolles.com\/index.php\/wp-json\/wp\/v2\/users\/1"}],"replies":[{"embeddable":true,"href":"https:\/\/www.saintalbanauriolles.com\/index.php\/wp-json\/wp\/v2\/comments?post=493"}],"version-history":[{"count":1,"href":"https:\/\/www.saintalbanauriolles.com\/index.php\/wp-json\/wp\/v2\/pages\/493\/revisions"}],"predecessor-version":[{"id":494,"href":"https:\/\/www.saintalbanauriolles.com\/index.php\/wp-json\/wp\/v2\/pages\/493\/revisions\/494"}],"wp:attachment":[{"href":"https:\/\/www.saintalbanauriolles.com\/index.php\/wp-json\/wp\/v2\/media?parent=493"}],"curies":[{"name":"wp","href":"https:\/\/api.w.org\/{rel}","templated":true}]}}