{"id":463,"date":"2020-10-12T12:52:16","date_gmt":"2020-10-12T10:52:16","guid":{"rendered":"https:\/\/www.saintalbanauriolles.com\/?page_id=463"},"modified":"2020-10-12T12:52:16","modified_gmt":"2020-10-12T10:52:16","slug":"acte-de-deces","status":"publish","type":"page","link":"https:\/\/www.saintalbanauriolles.com\/index.php\/acte-de-deces\/","title":{"rendered":"Acte de d\u00e9c\u00e8s"},"content":{"rendered":"\n<p>La copie int\u00e9grale reproduit int\u00e9gralement les informations figurant dans l&rsquo;acte de d\u00e9c\u00e8s inscrit sur le registre d&rsquo;\u00e9tat civil.<\/p>\n\n\n\n<p>Elle mentionne les \u00e9l\u00e9ments suivants&nbsp;:<\/p>\n\n\n\n<ul class=\"wp-block-list\"><li>Date, heure et lieu du d\u00e9c\u00e8s<\/li><li>Pr\u00e9noms, nom, date et lieu de naissance, profession et domicile du d\u00e9funt<\/li><li>Pr\u00e9noms, noms, professions et domiciles de ses parents<\/li><li>Pr\u00e9noms et nom de son \u00e9poux(se) ou partenaire de Pacs<\/li><li>Pr\u00e9noms, nom, \u00e2ge, profession et domicile du d\u00e9clarant (s&rsquo;il y a lieu, son degr\u00e9 de parent\u00e9 avec le d\u00e9funt)<\/li><\/ul>\n\n\n\n<p>Toute personne peut demander un acte de d\u00e9c\u00e8s, sans justification particuli\u00e8re.<\/p>\n\n\n\n<p>Vous pouvez faire la demande&nbsp;:<\/p>\n\n\n\n<ul class=\"wp-block-list\"><li>soit aupr\u00e8s de la mairie du lieu du d\u00e9c\u00e8s,<\/li><li>soit aupr\u00e8s de la mairie du dernier domicile du d\u00e9funt.<\/li><\/ul>\n\n\n\n<p><a rel=\"noreferrer noopener\" href=\"https:\/\/psl.service-public.fr\/mademarche\/EtatCivil\/demarche?execution=e2s1\" target=\"_blank\">Faire une demande d&rsquo; acte de d\u00e9c\u00e8s<\/a><\/p>\n\n\n\n<p>Le document est envoy\u00e9 au domicile du demandeur et parvient en g\u00e9n\u00e9ral en quelques jours.<\/p>\n\n\n\n<p>Le d\u00e9lai d&rsquo;obtention peut cependant varier en fonction du traitement par les services de la mairie et du d\u00e9lai d&rsquo;acheminement du courrier.<\/p>\n","protected":false},"excerpt":{"rendered":"<p>La copie int\u00e9grale reproduit int\u00e9gralement les informations figurant dans l&rsquo;acte de d\u00e9c\u00e8s inscrit sur le registre d&rsquo;\u00e9tat civil. Elle mentionne les \u00e9l\u00e9ments suivants&nbsp;: Date, heure et lieu du d\u00e9c\u00e8s Pr\u00e9noms, nom, date et lieu de naissance, profession et domicile du d\u00e9funt Pr\u00e9noms, noms, professions et domiciles de ses parents Pr\u00e9noms&#8230;<\/p>\n<p> <a class=\"continue-reading-link\" href=\"https:\/\/www.saintalbanauriolles.com\/index.php\/acte-de-deces\/\"><span>Plus<\/span><i class=\"crycon-right-dir\"><\/i><\/a> <\/p>\n","protected":false},"author":1,"featured_media":0,"parent":0,"menu_order":0,"comment_status":"closed","ping_status":"closed","template":"","meta":{"footnotes":""},"class_list":["post-463","page","type-page","status-publish","hentry"],"_links":{"self":[{"href":"https:\/\/www.saintalbanauriolles.com\/index.php\/wp-json\/wp\/v2\/pages\/463","targetHints":{"allow":["GET"]}}],"collection":[{"href":"https:\/\/www.saintalbanauriolles.com\/index.php\/wp-json\/wp\/v2\/pages"}],"about":[{"href":"https:\/\/www.saintalbanauriolles.com\/index.php\/wp-json\/wp\/v2\/types\/page"}],"author":[{"embeddable":true,"href":"https:\/\/www.saintalbanauriolles.com\/index.php\/wp-json\/wp\/v2\/users\/1"}],"replies":[{"embeddable":true,"href":"https:\/\/www.saintalbanauriolles.com\/index.php\/wp-json\/wp\/v2\/comments?post=463"}],"version-history":[{"count":1,"href":"https:\/\/www.saintalbanauriolles.com\/index.php\/wp-json\/wp\/v2\/pages\/463\/revisions"}],"predecessor-version":[{"id":464,"href":"https:\/\/www.saintalbanauriolles.com\/index.php\/wp-json\/wp\/v2\/pages\/463\/revisions\/464"}],"wp:attachment":[{"href":"https:\/\/www.saintalbanauriolles.com\/index.php\/wp-json\/wp\/v2\/media?parent=463"}],"curies":[{"name":"wp","href":"https:\/\/api.w.org\/{rel}","templated":true}]}}