{"id":113,"date":"2020-09-11T11:23:12","date_gmt":"2020-09-11T09:23:12","guid":{"rendered":"https:\/\/www.saintalbanauriolles.com\/?page_id=113"},"modified":"2026-03-18T21:27:00","modified_gmt":"2026-03-18T20:27:00","slug":"bibliotheque","status":"publish","type":"page","link":"https:\/\/www.saintalbanauriolles.com\/index.php\/bibliotheque\/","title":{"rendered":"Biblioth\u00e8que"},"content":{"rendered":"<div class=\"wp-block-image is-style-rounded\">\n<figure class=\"aligncenter size-large\"><img loading=\"lazy\" decoding=\"async\" width=\"1024\" height=\"576\" src=\"https:\/\/www.saintalbanauriolles.com\/wp-content\/uploads\/2025\/02\/475834997_548503718223869_2812584673382599325_n-1024x576.jpg\" alt=\"\" class=\"wp-image-4374\" srcset=\"https:\/\/www.saintalbanauriolles.com\/wp-content\/uploads\/2025\/02\/475834997_548503718223869_2812584673382599325_n-1024x576.jpg 1024w, https:\/\/www.saintalbanauriolles.com\/wp-content\/uploads\/2025\/02\/475834997_548503718223869_2812584673382599325_n-300x169.jpg 300w, https:\/\/www.saintalbanauriolles.com\/wp-content\/uploads\/2025\/02\/475834997_548503718223869_2812584673382599325_n-768x432.jpg 768w, https:\/\/www.saintalbanauriolles.com\/wp-content\/uploads\/2025\/02\/475834997_548503718223869_2812584673382599325_n-1536x864.jpg 1536w, https:\/\/www.saintalbanauriolles.com\/wp-content\/uploads\/2025\/02\/475834997_548503718223869_2812584673382599325_n-150x84.jpg 150w, https:\/\/www.saintalbanauriolles.com\/wp-content\/uploads\/2025\/02\/475834997_548503718223869_2812584673382599325_n.jpg 1600w\" sizes=\"auto, (max-width: 1024px) 100vw, 1024px\" \/><figcaption class=\"wp-element-caption\"><strong>Biblioth\u00e8que municipale &#8211;  L\u2019entr\u00e9e se trouve au 415 avenue Pasteur<\/strong><br><strong>Horaires d&rsquo;ouverture  :<em><br>Lundi : 10h30 &#8211; 12h30<br>Mardi : 16h30 &#8211; 18h00<br>Mercredi : 10h30 &#8211; 12h30 &amp; 15h00 &#8211; 18h00<br>Samedi : 10h00 &#8211; 12h30<\/em><\/strong><br><br>Horaires d\u2019\u00e9t\u00e9 (du 30 juin au 31 ao\u00fbt 2025)<br>Lundi 9h \u2013 12h<br>Mercredi 10h \u2013 12h<\/figcaption><\/figure><\/div>\n\n\n<p><strong>Le 2\u00e8me Samedi de chaque mois<\/strong> : Le Joyeux cercle litt\u00e9raire des amis de la biblioth\u00e8que, un temps d&rsquo;\u00e9changes autour de vos coups de c\u0153ur lecture.\u00a0<br><strong><br>Mercredi 25 mars \u00e0 partir de 16h30<\/strong>\u00a0: Go\u00fbter lecture : projection d&rsquo;un film d&rsquo;animation prim\u00e9 au festival d&rsquo;Annecy pour les enfants \u00e0 partir de 4 ans : une histoire de chouette douce et tendre.<\/p>\n\n\n\n<p><strong>Lundi 30 mars de 10h \u00e0 11h&nbsp;<\/strong>: les petites histoires, un temps de d\u00e9couverte autour des livres pour les tout-petits jusqu&rsquo;\u00e0 3 ans.<\/p>\n\n\n\n<figure class=\"wp-block-table is-style-stripes\"><table><tbody><tr><td>La Biblioth\u00e8que de Saint-Alban-Auriolles est un espace municipal ouvert \u00e0 tous.<br>Elle se veut un lieu de culture et de savoir, un outil p\u00e9dagogique mais aussi un lieu agr\u00e9able, ludique et de d\u00e9tente. L&rsquo;adh\u00e9sion est gratuite, il vous sera uniquement demand\u00e9 un justificatif de domicile. Les visiteurs non adh\u00e9rents peuvent consulter librement ces documents sur place.<br><br>La biblioth\u00e8que est en r\u00e9seau avec la M\u00e9diath\u00e8que Municipale de Ruoms et desservie par la navette de la M\u00e9diath\u00e8que D\u00e9partementale de l&rsquo;Ard\u00e8che.<br><br>Sont propos\u00e9s, aux enfants comme aux adultes, de nombreux documents : romans, BD, albums, journaux, documentaires, des CD de textes lus et livres en gros caract\u00e8res.<br>Des animations et expositions y sont r\u00e9guli\u00e8rement propos\u00e9es.<br><br>La biblioth\u00e8que est g\u00e9r\u00e9e par Fran\u00e7oise Mouchet &#8211; biblioth\u00e9caire. <br>Dans cette mission, elle est second\u00e9e par une \u00e9quipe de b\u00e9n\u00e9voles disponibles et dynamiques.<br>Merci \u00e0 Marie-H\u00e9l\u00e8ne Champetier, Marguerite Chevalier, Christine Devanciard, Monique Gourdon,  Maryse Hummel, Laurence Iughetti, Maryse Lavaure, Sylvie Philippeau, Martine Pollin, et Patricia Willmott pour leur investissement.<br><br>Nous sommes disponibles pour vous renseigner, au plaisir de vous voir.<br><br><br><br><\/td><td><br><br><br><\/td><\/tr><\/tbody><\/table><\/figure>\n\n\n\n<p>Biblioth\u00e8que municipale<br>415 Avenue Pasteur<br>07120 Saint-Alban-Auriolles<br>T\u00e9l: 04 75 36 25 32<br>Courriel: <a href=\"mailto:stalb.biblio@wanadoo.fr\">stalb.biblio@wanadoo.fr<\/a><br>Facebook: <a rel=\"noreferrer noopener\" href=\"https:\/\/www.facebook.com\/bibliothequemuncipalestalb\" target=\"_blank\">https:\/\/www.facebook.com\/bibliothequemuncipalestalb<\/a><\/p>\n","protected":false},"excerpt":{"rendered":"<p>Le 2\u00e8me Samedi de chaque mois : Le Joyeux cercle litt\u00e9raire des amis de la biblioth\u00e8que, un temps d&rsquo;\u00e9changes autour de vos coups de c\u0153ur lecture.\u00a0Mercredi 25 mars \u00e0 partir de 16h30\u00a0: Go\u00fbter lecture : projection d&rsquo;un film d&rsquo;animation prim\u00e9 au festival d&rsquo;Annecy pour les enfants \u00e0 partir de 4&#8230;<\/p>\n<p> <a class=\"continue-reading-link\" href=\"https:\/\/www.saintalbanauriolles.com\/index.php\/bibliotheque\/\"><span>Plus<\/span><i class=\"crycon-right-dir\"><\/i><\/a> <\/p>\n","protected":false},"author":1,"featured_media":0,"parent":0,"menu_order":0,"comment_status":"closed","ping_status":"closed","template":"","meta":{"footnotes":""},"class_list":["post-113","page","type-page","status-publish","hentry"],"_links":{"self":[{"href":"https:\/\/www.saintalbanauriolles.com\/index.php\/wp-json\/wp\/v2\/pages\/113","targetHints":{"allow":["GET"]}}],"collection":[{"href":"https:\/\/www.saintalbanauriolles.com\/index.php\/wp-json\/wp\/v2\/pages"}],"about":[{"href":"https:\/\/www.saintalbanauriolles.com\/index.php\/wp-json\/wp\/v2\/types\/page"}],"author":[{"embeddable":true,"href":"https:\/\/www.saintalbanauriolles.com\/index.php\/wp-json\/wp\/v2\/users\/1"}],"replies":[{"embeddable":true,"href":"https:\/\/www.saintalbanauriolles.com\/index.php\/wp-json\/wp\/v2\/comments?post=113"}],"version-history":[{"count":42,"href":"https:\/\/www.saintalbanauriolles.com\/index.php\/wp-json\/wp\/v2\/pages\/113\/revisions"}],"predecessor-version":[{"id":4913,"href":"https:\/\/www.saintalbanauriolles.com\/index.php\/wp-json\/wp\/v2\/pages\/113\/revisions\/4913"}],"wp:attachment":[{"href":"https:\/\/www.saintalbanauriolles.com\/index.php\/wp-json\/wp\/v2\/media?parent=113"}],"curies":[{"name":"wp","href":"https:\/\/api.w.org\/{rel}","templated":true}]}}

Bibliothèque

<div class="wp-block-image is-style-rounded">
<figure class="aligncenter size-large"><img loading="lazy" decoding="async" width="1024" height="576" src="https://www.saintalbanauriolles.com/wp-content/uploads/2025/02/475834997_548503718223869_2812584673382599325_n-1024x576.jpg" alt="" class="wp-image-4374" srcset="https://www.saintalbanauriolles.com/wp-content/uploads/2025/02/475834997_548503718223869_2812584673382599325_n-1024x576.jpg 1024w, https://www.saintalbanauriolles.com/wp-content/uploads/2025/02/475834997_548503718223869_2812584673382599325_n-300x169.jpg 300w, https://www.saintalbanauriolles.com/wp-content/uploads/2025/02/475834997_548503718223869_2812584673382599325_n-768x432.jpg 768w, https://www.saintalbanauriolles.com/wp-content/uploads/2025/02/475834997_548503718223869_2812584673382599325_n-1536x864.jpg 1536w, https://www.saintalbanauriolles.com/wp-content/uploads/2025/02/475834997_548503718223869_2812584673382599325_n-150x84.jpg 150w, https://www.saintalbanauriolles.com/wp-content/uploads/2025/02/475834997_548503718223869_2812584673382599325_n.jpg 1600w" sizes="auto, (max-width: 1024px) 100vw, 1024px" /><figcaption class="wp-element-caption"><strong>Bibliothèque municipale &#8211;  L’entrée se trouve au 415 avenue Pasteur</strong><br><strong>Horaires d&rsquo;ouverture  :<em><br>Lundi : 10h30 &#8211; 12h30<br>Mardi : 16h30 &#8211; 18h00<br>Mercredi : 10h30 &#8211; 12h30 &amp; 15h00 &#8211; 18h00<br>Samedi : 10h00 &#8211; 12h30</em></strong><br><br>Horaires d’été (du 30 juin au 31 août 2025)<br>Lundi 9h – 12h<br>Mercredi 10h – 12h</figcaption></figure></div>


<p><strong>Le 2ème Samedi de chaque mois</strong> : Le Joyeux cercle littéraire des amis de la bibliothèque, un temps d&rsquo;échanges autour de vos coups de cœur lecture. <br><strong><br>Mercredi 25 mars à partir de 16h30</strong> : Goûter lecture : projection d&rsquo;un film d&rsquo;animation primé au festival d&rsquo;Annecy pour les enfants à partir de 4 ans : une histoire de chouette douce et tendre.</p>



<p><strong>Lundi 30 mars de 10h à 11h&nbsp;</strong>: les petites histoires, un temps de découverte autour des livres pour les tout-petits jusqu&rsquo;à 3 ans.</p>



<figure class="wp-block-table is-style-stripes"><table><tbody><tr><td>La Bibliothèque de Saint-Alban-Auriolles est un espace municipal ouvert à tous.<br>Elle se veut un lieu de culture et de savoir, un outil pédagogique mais aussi un lieu agréable, ludique et de détente. L&rsquo;adhésion est gratuite, il vous sera uniquement demandé un justificatif de domicile. Les visiteurs non adhérents peuvent consulter librement ces documents sur place.<br><br>La bibliothèque est en réseau avec la Médiathèque Municipale de Ruoms et desservie par la navette de la Médiathèque Départementale de l&rsquo;Ardèche.<br><br>Sont proposés, aux enfants comme aux adultes, de nombreux documents : romans, BD, albums, journaux, documentaires, des CD de textes lus et livres en gros caractères.<br>Des animations et expositions y sont régulièrement proposées.<br><br>La bibliothèque est gérée par Françoise Mouchet &#8211; bibliothécaire. <br>Dans cette mission, elle est secondée par une équipe de bénévoles disponibles et dynamiques.<br>Merci à Marie-Hélène Champetier, Marguerite Chevalier, Christine Devanciard, Monique Gourdon,  Maryse Hummel, Laurence Iughetti, Maryse Lavaure, Sylvie Philippeau, Martine Pollin, et Patricia Willmott pour leur investissement.<br><br>Nous sommes disponibles pour vous renseigner, au plaisir de vous voir.<br><br><br><br></td><td><br><br><br></td></tr></tbody></table></figure>



<p>Bibliothèque municipale<br>415 Avenue Pasteur<br>07120 Saint-Alban-Auriolles<br>Tél: 04 75 36 25 32<br>Courriel: <a href="mailto:stalb.biblio@wanadoo.fr">stalb.biblio@wanadoo.fr</a><br>Facebook: <a rel="noreferrer noopener" href="https://www.facebook.com/bibliothequemuncipalestalb" target="_blank">https://www.facebook.com/bibliothequemuncipalestalb</a></p>

<p>Le 2ème Samedi de chaque mois : Le Joyeux cercle littéraire des amis de la bibliothèque, un temps d&rsquo;échanges autour de vos coups de cœur lecture. Mercredi 25 mars à partir de 16h30 : Goûter lecture : projection d&rsquo;un film d&rsquo;animation primé au festival d&rsquo;Annecy pour les enfants à partir de 4&#8230;</p>
<p> <a class="continue-reading-link" href="https://www.saintalbanauriolles.com/index.php/bibliotheque/"><span>Plus</span><i class="crycon-right-dir"></i></a> </p>
